uppose 5*w = -3*l + 491, b*w = l - 125 - 24. What are the prime factors of l?
157
Suppose 4*w - 134*i + 133*i = 23050, 5*w - 4*i - 28829 = 0. List the prime factors of w.
7, 823
Let v(a) = a**3 + 17*a**2 + a + 18. Let q be v(-17). What are the prime factors of 134524/338*(q + (-6)/(-4))?
5, 199
What are the prime factors of (-122*(53 + -5))/(-3 + 2)?
2, 3, 61
Let b = 11649 + -8108. List the prime factors of b.
3541
List the prime factors of 2/(-10) - (-26229896)/980.
5, 53, 101
Let z be ((-7)/(126/(-12)))/((-4)/(-6)). Let d(w) = 230*w**3 + 3*w**2 + w - 3. List the prime factors of d(z).
3, 7, 11
Let l(d) = 9309*d**3 + d**2 + d - 1. List the prime factors of l(1).
2, 5, 7, 19
Suppose n + 8 = 3*n. Suppose -n*v - 97 = 5*i - 383, 124 = 2*i + 4*v. Suppose -51*g + i*g = 195. List the prime factors of g.
5, 13
Suppose 2*f - 4*f - 748 = v, 4*f = 0. Let d = -172 - v. What are the prime factors of d?
2, 3
Let b = -53472 + 91963. What are the prime factors of b?
61, 631
Suppose 0 = 4*x - 3*u - 6634, 0 = 2*x - 5*u - 1764 - 1546. Suppose -10*i = 4*q - 11*i - 1658, -4*q + x = -2*i. What are the prime factors of q?
2, 3, 23
Let f(x) = 18*x**2 - 20*x + 55. What are the prime factors of f(-14)?
3863
Suppose -q - 20 = 2*y + 3*q, 0 = 3*y - 5*q - 14. Let r(j) = -22*j - 8. Let o be r(y). Let k = o - -48. What are the prime factors of k?
2, 3, 7
Let p be 2/(-13) + 3065/65 - 0. Let x = p + -45. Suppose -8*n = -x*n - 456. List the prime factors of n.
2, 19
Suppose -19136 - 1033 = -2*q + 4333. What are the prime factors of q?
12251
Suppose 781386 = 294*o - 2704572. What are the prime factors of o?
71, 167
Let r = 97658 - 55999. What are the prime factors of r?
41659
Let u = -16195 - -23275. List the prime factors of u.
2, 3, 5, 59
Let w(p) = 2*p**3 - 4*p**2 - 14*p + 12. Let i be w(5). Let f = i + -76. Suppose f*b - 1092 = 9*b. What are the prime factors of b?
2, 3, 13
Suppose -2*h = -0*h + 3*h. Suppose -262 = -3*d - 5*n, h*d - 78 = -d - 4*n. What are the prime factors of d?
2, 47
Let d be 0/13*(-2 - -1) - 2. Let l(a) = 18*a**2 + 3*a. List the prime factors of l(d).
2, 3, 11
Let i(k) = 7*k**2 - k + 2. Let a be i(1). Suppose a + 73 = u. Suppose 2*p - 19 + u = 2*s, s = 3*p + 33. What are the prime factors of s?
2, 3, 5
Let i(m) = 2530*m**2 - 18*m - 4. What are the prime factors of i(2)?
2, 3, 5, 7
Suppose -3*c - 127 + 2294 + 2756 = 0. What are the prime factors of c?
3, 547
Let c = 9524 - -28076. List the prime factors of c.
2, 5, 47
Suppose 168 = 3*l + 3*l. Suppose -4*d = 3*d + l. List the prime factors of (-1396)/(-36) - d/18.
3, 13
Suppose -3*g - 4*j + 304 = 0, g - 3*j + 13 = 123. Let a be (-1188)/(-192) + 15/(-80). What are the prime factors of g/a*(5 + 1)?
2, 13
Suppose -408*r - 22320 = -424*r. What are the prime factors of r?
3, 5, 31
Let j(i) = 26*i**2 - 20*i + 27. Let g be j(6). Suppose 8*n - 3*n = 2*h - g, 4*n + 848 = 2*h. List the prime factors of h.
2, 7, 31
Let d(i) = 548*i**2 - 80*i + 68. List the prime factors of d(6).
2, 11, 439
Let y(j) = j**3 - 5*j**2 - 34*j - 6. Let a be y(9). Suppose a = -3*u + 6*u. List the prime factors of u.
2
Let i(d) = 3*d - 26. Let v be i(6). List the prime factors of ((-138)/v)/((-211)/(-52) + -4).
13, 23
Suppose -i - 1374 = -4*s, -5*i - 501 = -4*s + 881. Let a = 5690 - 5873. Let v = a + s. List the prime factors of v.
2, 5
Let z(c) = -2*c**3 + 16*c**2 + 14*c + 568. What are the prime factors of z(-16)?
2, 1579
Let m = -18518 + 19546. What are the prime factors of m?
2, 257
List the prime factors of 41791/5 + 2/(-10) - (-24)/(-4).
2, 3, 29
Let l = -514 - -776. Suppose -3*j = o - 76, -3*j + 24 = 4*o - l. List the prime factors of o.
2, 5, 7
What are the prime factors of -22 + 506 + (9 - 9)?
2, 11
What are the prime factors of 94*(14 + -6 + 33)?
2, 41, 47
Suppose -22*y + 9*y = 806. Let d = 122 - -11. Let c = d + y. What are the prime factors of c?
71
Suppose -5*i = -3*v + 279, -119 = -2*v + 2*i + 67. Let h be (-286)/6 + 4/(-12). Let l = v + h. What are the prime factors of l?
3, 5
Let m = 11044 - -5384. List the prime factors of m.
2, 3, 37
Suppose 3*c = -276 + 8289. Suppose 0 = -7*r - 333 + c. What are the prime factors of r?
2, 167
List the prime factors of (-16009)/4*14928/(-4354).
2, 3, 2287
Let t = 10716 - 3636. List the prime factors of t.
2, 3, 5, 59
Let q be 8 + (-7 - -2) - -2895. What are the prime factors of (-1 + 3)/(7/q)?
2, 3, 23
Let p = 19 - 78. Let b = -57 - p. Suppose -b*h - 3*x = -x - 54, -5*h - 3*x + 143 = 0. List the prime factors of h.
31
Let s(t) = 1 - 2*t**2 + t - 4*t**2 + 66*t**2. What are the prime factors of s(-1)?
2, 3, 5
Suppose 4*q = 284 - 260. List the prime factors of ((-9)/((-81)/1608))/(4/q).
2, 67
Let n(l) = 4*l - 3. Suppose 3*h - 3 = -3*x, 2*x + h - 5 = -4. Suppose 3*k - 26 = -5*g - x, 3*k + 2*g = 32. What are the prime factors of n(k)?
3, 5
Suppose 4*p + 2*n - 2444 = 0, 461*p - 462*p = 5*n - 593. What are the prime factors of p?
613
Suppose 3*s - 7 = 359. Let a = s - 120. List the prime factors of a.
2
Let l = 34628 + -9428. List the prime factors of l.
2, 3, 5, 7
What are the prime factors of ((-33446)/(-6))/((-411)/(-1233))?
7, 2389
List the prime factors of (-18)/21 + 634992/336.
1889
Suppose -6*l - 3790 = -9*l + d, 5*d + 5035 = 4*l. Suppose -18*n + 1399 = -l. List the prime factors of n.
2, 37
Suppose 103*x - 54*x + 145*x - 5358668 = 0. List the prime factors of x.
2, 7, 1973
List the prime factors of 332/(-8134) - 590650/(-98).
3, 7, 41
Let l = 116 + -119. Suppose -5*o + 2*o = -6. List the prime factors of (-35)/((l + o)/1).
5, 7
Suppose -2*g - 3 = 3. Let y(v) = -13*v - 4 - 40*v + 19*v - 13. What are the prime factors of y(g)?
5, 17
Suppose 0*y - 5*t - 2046 = -y, 3*y - 6158 = -5*t. What are the prime factors of y?
7, 293
Suppose 2*g = -5*j - 4, -g + 4*j - 8*j - 2 = 0. What are the prime factors of 16/((-160)/(-1155)) - (-1)/g?
5, 23
Let i(u) = -3*u + 37. Let o(w) = w - 12. Let g(s) = -6*i(s) - 17*o(s). Let f be g(12). Let x(j) = -j + 13. What are the prime factors of x(f)?
19
Let w(f) = -45*f**3 + 19*f**2 + 196*f + 34. Let v(s) = 9*s**3 - 4*s**2 - 39*s - 7. Let r(z) = -11*v(z) - 2*w(z). What are the prime factors of r(-5)?
7, 157
Let b = -17611 + 42083. List the prime factors of b.
2, 7, 19, 23
Let a be (2475/60)/((-27)/12 - -2). Let c = a - -1101. List the prime factors of c.
2, 3, 13
Let j(v) = -v**2 + 30*v - 63. Let w be j(28). List the prime factors of -217*1*(5 + w).
2, 7, 31
Suppose 2*m = -2*y + 79098, 81*y + 3*m + 197761 = 86*y. List the prime factors of y.
39551
Let z(h) = 2*h**2 - h + 1. Let k(n) = 12*n**2 - 9*n + 6. Let l(x) = k(x) - 5*z(x). Let c be ((-14)/(-8))/((-6)/(-24)). What are the prime factors of l(c)?
71
Let q = 88 - 5693. What are the prime factors of (-4)/(48/9) - q/76?
73
Let c(o) be the first derivative of -3*o**2/2 + 71*o + 23. Let a be c(22). Suppose -145 = -a*p + 4*p. What are the prime factors of p?
5, 29
Let j(h) = 17*h**2 + 112*h + 3203. List the prime factors of j(-24).
11, 937
Let z = -13941 - -15430. List the prime factors of z.
1489
Let v(t) = 23 - 10 - 2*t + 17 + 0*t. Let u be v(15). Suppose u = -5*n + 71 + 49. List the prime factors of n.
2, 3
Suppose 25*r + 3784 = 33*r. Let s = 1057 - r. What are the prime factors of s?
2, 73
Suppose 9*z - 16466 = 83362. List the prime factors of z.
2, 47, 59
Let x = -2766 - -35876. What are the prime factors of x?
2, 5, 7, 11, 43
Let a = 39 + -111. What are the prime factors of ((-160)/15)/(4/a)?
2, 3
Let i(y) = 68*y + 22. Let g(d) = -d**2 - 17*d - 8. Let z be g(-16). Suppose 5*t = t + z. List the prime factors of i(t).
2, 79
Suppose 7*l = 16 - 2. Suppose 5*c - 3130 = 3*y, 0 = 6*c - l*c - 4*y - 2504. What are the prime factors of c?
2, 313
Suppose -3*y + 353 - 338 = 0. Suppose -127 = -3*n - s + 184, 5*n + y*s - 505 = 0. List the prime factors of n.
3, 5, 7
Suppose -3*g + 5*a + 90993 = 0, -1100*g + 1104*g - 121382 = -3*a. List the prime factors of g.
30341
Let b = 7 - 11. Let n = -467 - -471. List the prime factors of (-27 - n/(-4))*b.
2, 13
Let v(t) = 2*t**3 - 48*t**2 + 61*t - 23. Let d be 23 - (-4 - (2 + -6 - -1)). What are the prime factors of v(d)?
11, 131
What are the prime factors of 2/9 + 34481470/549?
2, 3, 2617
Let x be 35280*(24/(-20))/(-3). Suppose 110*n = 131*n - x. List the prime factors of n.
2, 3, 7
L